{"id":3480,"date":"2025-09-01T16:03:53","date_gmt":"2025-09-01T14:03:53","guid":{"rendered":"https:\/\/rivoli.ch\/?post_type=product&#038;p=3480"},"modified":"2026-05-01T21:17:56","modified_gmt":"2026-05-01T19:17:56","slug":"le-visage-emulsion-re-equilibrante-n02","status":"publish","type":"product","link":"http:\/\/rivoli.ch\/fr\/produits\/le-visage-emulsion-re-equilibrante-n02\/","title":{"rendered":"Le Visage \u00c9mulsion R\u00e9-\u00e9quilibrante N\u00b002"},"content":{"rendered":"<p>D\u00e9couvrez la nouvelle version N\u00b002 de notre \u00c9mulsion R\u00e9-\u00e9quilibrante.<\/p>\n<p>Sa nouvelle formule encore plus performante apaise les peaux sensibles et stress\u00e9es en r\u00e9\u00e9quilibrant le microbiote fragilis\u00e9 par les stress quotidiens.<\/p>\n<p>La peau retrouve une sant\u00e9 optimale, un bel \u00e9clat, tout \u00e9tant bien hydrat\u00e9e.<\/p>\n<p><strong>Une r\u00e9ponse en profondeur aux d\u00e9s\u00e9quilibres cutan\u00e9s<\/strong><\/p>\n<p>Agressions externes, fluctuations hormonales ou style de vie effr\u00e9n\u00e9 sont autant de facteurs de stress qui peuvent d\u00e9s\u00e9quilibrer la peau.<\/p>\n<p>Cette version N\u00b002 de notre \u00c9mulsion r\u00e9-\u00e9quilibrante a \u00e9t\u00e9 repens\u00e9 afin de cibler avec pr\u00e9cision et efficacit\u00e9 les signes li\u00e9s au stress cutan\u00e9 tels que le teint terne, les rougeurs, les sensations d\u2019inconfort, voire des irritations.<\/p>\n<p>Apr\u00e8s 28 jours d\u2019application matin et soir, 100% du panel de consommateurs constate une r\u00e9duction des rougeurs et sensations d\u2019inconfort.<\/p>\n<p><strong>Une efficacit\u00e9 prouv\u00e9e d\u00e8s 4 semaines<\/strong> :<\/p>\n<ul>\n<li>-12.6% de rougeurs cutan\u00e9es<\/li>\n<li>+17.8% d\u2019\u00e9clat<\/li>\n<li>-18.7% de perte en eau (r\u00e9duction de l\u2019effet TWEL)<\/li>\n<\/ul>\n<p>Certifi\u00e9e <a href=\"https:\/\/rivoli.ch\/fr\/cosmetiques-vegan\/\">VEGAN<\/a>, l\u2019\u00c9mulsion R\u00e9-\u00e9quilibrante N\u00b002 a \u00e9t\u00e9 formul\u00e9e en accord avec <a href=\"https:\/\/rivoli.ch\/wp-content\/uploads\/2024\/08\/RIVOLI_Blacklist-2024.pdf?srsltid=AfmBOoqw6NhsRi2zvgAEYI84VFmn1CvZm4Hx0isKRRjgg_65iNkYZt0J\">notre blacklist<\/a> et notamment sans silicones, sans parab\u00e8nes, sans PEG, ni microplastiques.<\/p>\n","protected":false},"excerpt":{"rendered":"<p>Notre cr\u00e8me apaisante pour les peaux sensibles et stress\u00e9es. Elle r\u00e9duit les rougeurs, les inflammations et r\u00e9-\u00e9quilibre le microbiome.<\/p>\n","protected":false},"featured_media":3570,"comment_status":"closed","ping_status":"closed","template":"","meta":{"_seopress_robots_primary_cat":"none","_seopress_titles_title":"\u00c9mulsion visage : notre soin apaisant pour peau sensible | Rivoli Gen\u00e8ve","_seopress_titles_desc":"D\u00e9couvrez l\u2019\u00e9mulsion visage r\u00e9-\u00e9quilibrante Le Visage, pour un microbiote cutan\u00e9 sain, une peau apais\u00e9e et un teint frais. \u2b50 Livraison Gratuite","_seopress_robots_index":""},"product_cat":[21],"product_tag":[],"woo-feed-brand":[],"acf":[],"_links":{"self":[{"href":"http:\/\/rivoli.ch\/fr\/wp-json\/wp\/v2\/product\/3480"}],"collection":[{"href":"http:\/\/rivoli.ch\/fr\/wp-json\/wp\/v2\/product"}],"about":[{"href":"http:\/\/rivoli.ch\/fr\/wp-json\/wp\/v2\/types\/product"}],"replies":[{"embeddable":true,"href":"http:\/\/rivoli.ch\/fr\/wp-json\/wp\/v2\/comments?post=3480"}],"wp:featuredmedia":[{"embeddable":true,"href":"http:\/\/rivoli.ch\/fr\/wp-json\/wp\/v2\/media\/3570"}],"wp:attachment":[{"href":"http:\/\/rivoli.ch\/fr\/wp-json\/wp\/v2\/media?parent=3480"}],"wp:term":[{"taxonomy":"product_cat","embeddable":true,"href":"http:\/\/rivoli.ch\/fr\/wp-json\/wp\/v2\/product_cat?post=3480"},{"taxonomy":"product_tag","embeddable":true,"href":"http:\/\/rivoli.ch\/fr\/wp-json\/wp\/v2\/product_tag?post=3480"},{"taxonomy":"woo-feed-brand","embeddable":true,"href":"http:\/\/rivoli.ch\/fr\/wp-json\/wp\/v2\/woo-feed-brand?post=3480"}],"curies":[{"name":"wp","href":"https:\/\/api.w.org\/{rel}","templated":true}]}}

Le Visage Émulsion Ré-équilibrante N°02

<p>Découvrez la nouvelle version N°02 de notre Émulsion Ré-équilibrante.</p>
<p>Sa nouvelle formule encore plus performante apaise les peaux sensibles et stressées en rééquilibrant le microbiote fragilisé par les stress quotidiens.</p>
<p>La peau retrouve une santé optimale, un bel éclat, tout étant bien hydratée.</p>
<p><strong>Une réponse en profondeur aux déséquilibres cutanés</strong></p>
<p>Agressions externes, fluctuations hormonales ou style de vie effréné sont autant de facteurs de stress qui peuvent déséquilibrer la peau.</p>
<p>Cette version N°02 de notre Émulsion ré-équilibrante a été repensé afin de cibler avec précision et efficacité les signes liés au stress cutané tels que le teint terne, les rougeurs, les sensations d’inconfort, voire des irritations.</p>
<p>Après 28 jours d’application matin et soir, 100% du panel de consommateurs constate une réduction des rougeurs et sensations d’inconfort.</p>
<p><strong>Une efficacité prouvée dès 4 semaines</strong> :</p>
<ul>
<li>-12.6% de rougeurs cutanées</li>
<li>+17.8% d’éclat</li>
<li>-18.7% de perte en eau (réduction de l’effet TWEL)</li>
</ul>
<p>Certifiée <a href="https://rivoli.ch/fr/cosmetiques-vegan/">VEGAN</a>, l’Émulsion Ré-équilibrante N°02 a été formulée en accord avec <a href="https://rivoli.ch/wp-content/uploads/2024/08/RIVOLI_Blacklist-2024.pdf?srsltid=AfmBOoqw6NhsRi2zvgAEYI84VFmn1CvZm4Hx0isKRRjgg_65iNkYZt0J">notre blacklist</a> et notamment sans silicones, sans parabènes, sans PEG, ni microplastiques.</p>

<p>Notre crème apaisante pour les peaux sensibles et stressées. Elle réduit les rougeurs, les inflammations et ré-équilibre le microbiome.</p>

Émulsion visage : notre soin apaisant pour peau sensible | Rivoli Genève

Découvrez l’émulsion visage ré-équilibrante Le Visage, pour un microbiote cutané sain, une peau apaisée et un teint frais. ⭐ Livraison Gratuite
